 is divided by x(-12).
20
Suppose -131*u - 159*u + 131950 = 0. What is the remainder when u is divided by 32?
7
Suppose 55 - 13 = b + 2*s, 6*s + 234 = 3*b. What is the remainder when 756 is divided by b?
36
Suppose f = -3*z + 46, 4*z + f - 56 - 5 = 0. Let y(p) be the second derivative of p**3/6 + p**2 - 5*p. Calculate the remainder when z is divided by y(7).
6
Let g(w) = 2*w**2 - 24*w - 298. Let m = 154 - 91. Calculate the remainder when m is divided by g(20).
19
Let k = -4 + 11. Let n(p) = -p**3 + 10*p**2 - 5*p + 5. Calculate the remainder when n(k) is divided by (25 - -5) + 2 + 8.
37
Let t(q) = 8*q**2 + 214*q - 6. What is the remainder when t(-27) is divided by 16/4 + (-24)/(-2)?
0
Suppose -16*k - 21*k - 1083 + 8261 = 0. What is the remainder when k is divided by 44?
18
Suppose 4*o + 64 = 5*u, 4*u - o + 15 = 64. Let x(k) = 9*k + 2. Calculate the remainder when x(5) is divided by u.
11
Let b(x) = -261*x - 6872. Calculate the remainder when b(-28) is divided by 74.
66
Calculate the remainder when (-3)/13 + (-81948)/(-39) is divided by 24.
13
Let d(p) = p**3 + 10*p**2 + 23*p + 46. Let q be d(-8). Let k(z) = z**2 - 3*z - 40. What is the remainder when 449 is divided by k(q)?
89
Let w = 68 + -33. Suppose w = y + 6. Let k = 66 + -56. Calculate the remainder when y is divided by k.
9
Suppose -5*y = -3*v - 129 - 30, v + y = -45. Let z be v/60*(-1 - -6). What is the remainder when 1/z*-4 - -40 is divided by 22?
19
Let x = -23 - -28. Suppose 8*b = x*s + 3*b - 225, b = -5. Calculate the remainder when 197 - ((-6)/(-2) - 4) is divided by s.
38
Let z = 3282 - 3240. Calculate the remainder when 118 is divided by z.
34
Let q(o) = 5*o**2 + 3*o - 4. What is the remainder when (29 - 13/91*154)*9*1 is divided by q(-3)?
31
Let p = 127 + -66. Suppose -h + 3*h = 36. What is the remainder when p is divided by 1 - (-534)/27 - (-4)/h?
19
Let b = 60 + -68. Let g(s) = s - 26. Let k(n) = -n + 27. Let q(p) = -4*g(p) - 3*k(p). What is the remainder when 123 is divided by q(b)?
30
Suppose 5*w - 4 = 1, -2*q + 18*w = 0. What is the remainder when 193 is divided by q?
4
Let h(x) = x**3 + 8*x**2 + 4*x - 7. Let q = -288 - -540. Let t = q + -238. What is the remainder when h(-6) is divided by t?
13
Let f(u) = -u**2 + 88*u - 625. Calculate the remainder when f(78) is divided by 49.
8
Let s = 125 - 189. Let c(g) = -2*g - 4. What is the remainder when c(-4) is divided by s/(-24) + -2*(-1)/6?
1
Let c(x) = 18*x + 56. Let t be c(-2). Suppose -t*a = -6*a - 266. What is the remainder when a is divided by 11?
8
Let q(o) = -43*o**2 + 347*o - 1. Calculate the remainder when 332 is divided by q(8).
10
Let g be -2 - -3 - (0/4 + 1). Suppose g = 16*l - 19*l + 15. Suppose 3*a - 2*a - l*n - 21 = 0, -1 = -a - 5*n. Calculate the remainder when a is divided by 3.
2
Suppose m = t + 91 + 49, 4*m + 2*t - 530 = 0. Let v = m - 124. Calculate the remainder when 21 is divided by v.
10
Let t = -4940 - -6141. What is the remainder when t is divided by 151?
144
What is the remainder when (-1 - 442/(-4))/(35/((-15190)/(-93))) is divided by 98?
21
Let i(j) = j**2 - 36*j - 561. What is the remainder when 38 is divided by i(48)?
8
Suppose -95 = -7*v + 213. Calculate the remainder when -4 + (6 - 4) + 1*v is divided by 17.
8
Let q(z) = -z**3 + 39*z**2 - 176*z + 44. What is the remainder when q(11) is divided by 100?
96
Let m(z) = 20*z**2 + 9*z + 362. What is the remainder when m(-16) is divided by 6?
4
Suppose -2*w = 4*y + 248, -y = -6*y - 5*w - 315. Let a = 56 - y. Calculate the remainder when a is divided by 40.
37
Calculate the remainder when (6/(-20) - -6)*70 is divided by 68.
59
What is the remainder when 1404 is divided by ((-230)/6)/(1660/(-1992))?
24
Let f = -41 - -45. Suppose -15 = -3*s + d - f*d, -5*d = 2*s - 13. What is the remainder when 14 is divided by s?
2
Suppose 2*g = 10, p - 6*g = -3*g - 12. Let q be ((p - 3) + -1)/(3/3). What is the remainder when 46 is divided by q/(-5 - (-98)/20)?
6
Let j = -11096 + 11312. What is the remainder when j is divided by 39?
21
Suppose 4*m + 3*n - 4*n - 328 = 0, 0 = 2*m - 2*n - 170. Suppose 0*z - m = -3*z. Suppose -2*g - 624 = -14*g. What is the remainder when g is divided by z?
25
Let t be 24/(-3 + 9)*(1 - -1). Suppose -t*v - 6*v = -84. Calculate the remainder when 29 is divided by v.
5
Let r = 18147 - 17816. What is the remainder when 923 is divided by r?
261
Let k(i) = -i**3 + 5*i**2 + 19*i - 15. Let s(j) = -j - 13. Let w be s(-20). Let u = 4 - -31. Calculate the remainder when u is divided by k(w).
15
Let b = 158 - 18. Suppose -3*t + 17 = 5*l - b, 5*t - 5*l - 315 = 0. Suppose -f = -3*f + 20. Calculate the remainder when t is divided by f.
9
Let x(c) = c**2 - 45*c + 121. What is the remainder when 432 is divided by x(46)?
98
Suppose -3345 = -16*v + 1759 + 2176. What is the remainder when v is divided by 26?
13
Let b = 48220 - 48192. Let d = 58 - 39. Calculate the remainder when b is divided by d.
9
Suppose -2*w + 1352*f = 1347*f - 334, -f = 3*w - 501. What is the remainder when w is divided by 21?
20
Let r = 7911 - 6655. What is the remainder when r is divided by 622?
12
What is the remainder when (2 + 0 + 157)/1 is divided by (-23)/(-2) + (-12156)/8104?
9
Calculate the remainder when (948/18)/(370/60 - 6) is divided by 126.
64
Let n(w) = 69*w - 6602. What is the remainder when 779 is divided by n(97)?
51
Let z be 7 + (-24)/14 - 2/7. Suppose -4*l + 50 = 3*k, k - 3*k + 45 = z*l. What is the remainder when 27 is divided by k?
7
Suppose -3*l + 4*j + 14703 = -8768, -2*j = -5*l + 39137. What is the remainder when l is divided by 9?
8
Suppose -17*n + 7114 = -701 - 5003. What is the remainder when n is divided by 76?
70
Suppose 5*k + a = -3*a + 60, 55 = 5*k + 3*a. Suppose -5*s + 780 = k*s. What is the remainder when s is divided by 21?
18
Suppose 31*o - 42*o + 2233 = 0. Let f = o - -1. Calculate the remainder when f is divided by 9.
6
Let n(j) = 197*j + 2937. What is the remainder when n(-12) is divided by 285?
3
Let c(u) = 3*u**3 + u**2 - 25*u + 79. Calculate the remainder when c(4) is divided by 9.
7
Let g be (-145)/(-3)*9/3. Suppose p + 82 = -t + 12, 2*p + 3*t + g = 0. Let c = p - -79. What is the remainder when 37 is divided by c?
9
Suppose -7*o + 6840 = -1476. What is the remainder when o is divided by 62?
10
Suppose 1 = 3*x - 5. Let d be 8/10 + (-66)/(-5). Suppose -5*y + 0*w + 2*w = -34, y + x*w = d. Calculate the remainder when 28 is divided by y.
4
Let f(g) be the third derivative of -g**5/60 - 5*g**4/4 + 3*g**3/2 - 2*g**2 - 8. What is the remainder when f(-28) is divided by 15?
5
Calculate the remainder when 5 - (-1045 + 6 - (10 + -11)) is divided by 12.
11
Let t(l) = l**3 + 72*l**2 + 227*l + 16413. Suppose 5*b - 139 = -4*w, -2*b + 0 = 2. What is the remainder when t(-72) is divided by w?
33
Suppose 0*j - 4*j + 96 = 0. Let l be (-45)/9 - 277 - -5. Let b = -159 - l. What is the remainder when b is divided by j?
22
Calculate the remainder when ((-243)/72 - -3)/3 - 48795/(-24) is divided by 1011.
11
Let u(z) = 16*z**2 + 2340*z + 2334. Let k(l) = -l**3 - 6*l**2 - l - 3. Let c be k(-3). Let v = c - -57. What is the remainder when v is divided by u(-1)?
0
Suppose 3*f - 4*i - 7736 = 0, -228*f + 2*i + 5154 = -226*f. Calculate the remainder when f is divided by 2554.
18
Let k = 2755 - 2751. Suppose 0 = 2*t - 4*t + 150. Suppose 3*j - t = -6. Calculate the remainder when j is divided by k.
3
Let d(x) = x**2 + 64*x - 6134. What is the remainder when d(-120) is divided by (19/3)/((-3)/(-9))?
16
Suppose -2*a + 7 = -1. Suppose 6*v - 2*v + 10 = 3*i, 4*v = -a*i + 4. Suppose -62 - 248 = -i*k. What is the remainder when k is divided by 39?
38
Calculate the remainder when 78/(-9)*(-7)/((-42)/(-90)) is divided by 120.
10
Suppose o = 2*o - 3*t - 22, t = -4*o + 62. Suppose -5*q = i - o, 4 = -3*q + 7. Suppose -244*s + 457 + 1559 = 308. What is the remainder when i is divided by s?
4
What is the remainder when 9829 - (-29)/((-174)/(-84)) is divided by 55?
53
Let v be ((-10)/15)/(2/21). Let o(z) be the second derivative of z**4/6 + 3*z**3/2 - 2*z**2 + z. What is the remainder when o(v) is divided by 4?
3
Let d(o) = 82*o + 3846. Calculate the remainder when d(-45) is divided by 38.
4
Let w(p) = -p**2 - 10*p + 18. Suppose -106*d - 224 = -120*d. Calculate the remainder when d is divi